 + -2?
17
Let d = -113 - -53. Let b = d - -68. Let f = 1 - -35. Calculate the remainder when f is divided by b.
4
Let p(y) = y**3 - 6*y**2 + 6*y - 19. Let a be 5/2*(-24)/(-10). What is the remainder when 64 is divided by p(a)?
13
Suppose 5*o - 79 = -5*r + 41, r - 5*o = 0. Calculate the remainder when 197 is divided by r.
17
Let o = -5 + 0. Calculate the remainder when o/(-10) + 300/8 is divided by 10.
8
Let v(f) = -8*f - 4. Let j(d) = d**2 - 11*d + 16. Let o be j(10). What is the remainder when -3*2/o + 40 + -2 is divided by v(-3)?
17
Let m(x) = 7*x**2. Suppose p = -4, -2*p + 4 - 16 = -2*a. Suppose -2*v = 3*n + a - 13, 4*v - 31 = -3*n. Calculate the remainder when m(-2) is divided by v.
8
Let s = 153 + -126. What is the remainder when 175 is divided by s?
13
Let u(h) = 4*h - 12. Suppose -k + 44 = 2*k + v, 68 = 4*k - v. Calculate the remainder when u(k) is divided by 19.
14
Suppose -39*x + 27*x = -276. Calculate the remainder when 204 is divided by x.
20
Let b be (-7 + 1)*2/(-6). What is the remainder when -2*-1*11/b is divided by (27/15)/((-18)/(-60))?
5
Suppose 4*f - 2*c - 385 = -f, -3*f = -3*c - 222. Let u = 66 + -46. What is the remainder when f is divided by u?
19
Let z(j) = j**3 + 23*j**2 - 2. Let d be z(-23). Calculate the remainder when (-14)/(-6) + d*(-3)/(-18) is divided by 1.
0
Let q = 19 + 33. Let u be (-10)/(-15)*6 + 0. Suppose u*t = 4*a + 64, 2*a + 74 = -t + 6*t. What is the remainder when q is divided by t?
10
Suppose 586 - 471 = 5*p. What is the remainder when 149 is divided by p?
11
Suppose -8*m - 2*r + 294 = -4*m, -319 = -4*m + 3*r. Suppose 0 = -17*c + 1410 - 968. What is the remainder when m is divided by c?
24
Let u(v) = 4*v. Let g be ((-4)/(8/(-26)))/(2/(-120)). What is the remainder when g/(-24) + 2/(-4) is divided by u(3)?
8
Let f = 96 - 42. Let h(t) = 3*t + 56. What is the remainder when f is divided by h(-14)?
12
Let c(x) = -x**3 - 7*x**2. Let k be c(-7). Let w(n) = -n**3 - n + 3. Let r be w(k). Calculate the remainder when 21 is divided by r/15 + 78/10.
5
Let j(w) = 8*w**2 + 28*w + 9. Let g(o) = o**3 + 24*o**2 - 4. Let r be g(-24). What is the remainder when j(r) is divided by 8?
1
Let z = -1810 + 1930. Calculate the remainder when 466 is divided by z.
106
Let s(i) = -22*i + 4. Let q be s(-2). Let r = q + -31. Calculate the remainder when 47 is divided by r.
13
Calculate the remainder when -4 - (486/(-6) + 2) is divided by 18.
3
Suppose 0 = -x - 4*n + 35, 3*x + 43 = 4*x - 4*n. Suppose -w + 1 = -19. Calculate the remainder when x is divided by w.
19
Let q = -23 - 4. Calculate the remainder when (1386/q - -3)*(-1 + -2) is divided by 37.
34
Suppose 0 = -k + 5*m - 29 + 3, 4*k + 9 = m. Let j = -4 - -16. What is the remainder when 1 - (k - -2 - 35) is divided by j?
11
Suppose 2*h = -0*h - 138. Let r = h - -178. Calculate the remainder when r is divided by 28.
25
Suppose 69 = 27*g - 201. What is the remainder when 146 is divided by g?
6
Let m = -9 + 5. Let t = m - -29. Suppose 48 = 4*u - 3*u. Calculate the remainder when u is divided by t.
23
Calculate the remainder when 239 is divided by 35435/437 - (-2 - 96/(-46)).
77
Suppose -5*d = 2*m - 101, 6*m = 4*m + 3*d + 109. What is the remainder when m is divided by 25?
3
Suppose 0*h = -2*h - 32. Let s(m) = -m**2 - 8*m - 8. Let u be s(-8). Calculate the remainder when 22 is divided by 18/u*h/6.
4
Let o(s) = -s + 12. Suppose 17*a - 12*a = 0. What is the remainder when (-94)/(-3) + 4/6 is divided by o(a)?
8
Let c = 69 + -63. Suppose -20 = -2*s + c. What is the remainder when 19 is divided by s?
6
Suppose -28*q = 36*q - 13760. Calculate the remainder when q is divided by 37.
30
Let o be ((-12)/18)/(-2 + 46/24). Suppose o*t - 43 = 37. Calculate the remainder when 148 is divided by t.
8
Let a = 145 + -102. Suppose -228 = 40*g - a*g. Calculate the remainder when g is divided by 20.
16
Let t(n) = -10*n - 16. What is the remainder when 91 is divided by t(-4)?
19
Let o(z) = -z**2 - z + 16. Let t be o(0). Suppose 0 = 11*p - t*p + 35. Suppose -p + 49 = m. What is the remainder when m is divided by 11?
9
Suppose -4*y = -3*z - 111, 2*z + 0*z = -10. Suppose y*k - 27*k + 6 = 0. Suppose 22 = 4*c - s, c = -4*s - 5 + k. What is the remainder when 9 is divided by c?
4
Let k(g) = g**2 - 3*g - 39. Calculate the remainder when k(-7) is divided by 9.
4
Suppose -5 = -5*p, -5*x = -p - 94 - 100. What is the remainder when 374 is divided by x?
23
Let v(a) = a**2 + 2*a. Suppose -2*r - 63 = -z, -104 = -4*z + 5*r + 157. What is the remainder when z is divided by v(-4)?
5
Let x(v) = -v**3 + 19*v**2 - 47*v - 13. What is the remainder when 109 is divided by x(16)?
1
Suppose -108 = -5*k + 2*k. Suppose 116 = 4*i - k. What is the remainder when 73 is divided by i?
35
Let a(o) = o**2 + 46*o + 502. Calculate the remainder when a(-30) is divided by (-13)/(1 + -3 + 1).
9
Let y = -1 + 5. Let f = 10 + -6. What is the remainder when ((-2)/y)/(5/(-110)) is divided by f?
3
Let o be -6 - 31 - (-12)/4. What is the remainder when o/(-119)*77*1 is divided by 12?
10
Let t(q) = 10*q**2 + 10*q - 9. Let v(g) = -15*g**2 - 15*g + 13. Let n(k) = -7*t(k) - 5*v(k). Let m = 2 - -1. What is the remainder when n(m) is divided by 15?
13
Suppose -2*z + 10 + 26 = 0. Calculate the remainder when 265 is divided by z.
13
Suppose 3*q = -d - 1, d + 2*d - 10 = 4*q. Calculate the remainder when 20 is divided by (-30)/(-3) + -4 + d.
4
Let l(c) = -c**3 - 11*c**2 + 12*c + 15. Suppose -3*q - 42 = -4*m - q, 0 = m - q - 13. Calculate the remainder when l(-12) is divided by m.
7
Let p(m) be the second derivative of -5*m**4/6 + m**2/2 + 6*m. Let o be p(-1). What is the remainder when 18 is divided by 4/18 + (-61)/o?
4
Let z(t) = -t**3 - 5*t**2 + 14*t + 4. Let b be z(-7). Suppose -m - 2*m - 5*f = -43, b*m + 3*f - 50 = 0. What is the remainder when m is divided by 2?
1
Let b(t) = t**2 + 3*t - 4. Let l be -3 + 0 - (-7 - 21). Suppose -6*p + p = l. What is the remainder when 15 is divided by b(p)?
3
Let p(a) = 31*a - 2. Let t be p(1). What is the remainder when 4*(-3)/(-6) + t is divided by 8?
7
Let g be (-88)/(-3)*(-39)/(-26). Let s = 61 - g. Calculate the remainder when 81 is divided by s.
13
Suppose -35 = -2*o + o - 5*h, 3*h = 12. Suppose -2*q + o = l, 6 = l - 3*q - 4. What is the remainder when 38 is divided by l?
12
What is the remainder when (6/15)/(-1*2/(-545)) is divided by 55?
54
Let h(x) be the first derivative of x**3/3 - 3*x**2 - 4*x + 4. Suppose -4*c + 22 = 2*l, 6*c = -l + 3*c + 13. Calculate the remainder when h(l) is divided by 1.
0
Let a = 9626 + -9566. What is the remainder when a is divided by ((-9)/2)/((-3)/6)?
6
Suppose 0 = -5*k + 2*k + 54. What is the remainder when 85 - 6/(-9)*3 is divided by k?
15
Calculate the remainder when 243 is divided by ((-6)/(-5))/((-16)/(-360)).
0
Let d = 209 + -182. What is the remainder when 185 is divided by d?
23
Let v(d) = -2*d - 3. What is the remainder when (1/2*-1)/((-67)/3350) is divided by v(-9)?
10
Suppose 21*b + 22 = 946. What is the remainder when b is divided by 36?
8
Let n = -406 - -740. What is the remainder when n is divided by 69?
58
Let f(i) = -i**3 + 7*i**2 + 20. Calculate the remainder when 133 is divided by f(7).
13
Suppose 9*y = -14*y + 22195. What is the remainder when y is divided by 22?
19
Let p(n) = n**3 - n**2 - 2*n + 12. Suppose 0 = -12*k + 11*k. What is the remainder when 107 is divided by p(k)?
11
Suppose -6*o - 1214 = -1334. What is the remainder when 307 is divided by o?
7
Suppose -132 = -3*y - 18. Suppose 3*d - 92 = 3*j - 521, -2*j = 4*d - 316. What is the remainder when j is divided by y?
34
Suppose 0 = 31*r - 53*r + 22. Suppose 3*n - 1 = 2*n. What is the remainder when r is divided by n?
0
Let j = 24 - 20. Suppose j*h = 2*n - 16, 10*n - 4*h - 40 = 5*n. Calculate the remainder when n is divided by 4.
0
Suppose -25*q = -8*q - 136. What is the remainder when 317 is divided by q?
5
Suppose p - v - 102 = 0, 4*v = 18*p - 15*p - 305. Calculate the remainder when p is divided by 86.
17
Suppose 0 = 52*n - 414 - 2. Calculate the remainder when 38 is divided by n.
6
Let d = 57 + -54. Suppose -d*b - 3*a + 21 = 0, 5*b - 4*a - 44 = -0*b. What is the remainder when 15 is divided by b?
7
Suppose -2*j - f - 2*f + 34 = 0, f = -2*j + 30. Suppose 5*z - 2*k + 3 = 0, 2*z + 0 + 2 = k. What is the r